e factors of 2829?
3, 23, 41
What are the prime factors of 1491?
3, 7, 71
What are the prime factors of 5243?
7, 107
List the prime factors of 656.
2, 41
List the prime factors of 3932.
2, 983
List the prime factors of 25024.
2, 17, 23
List the prime factors of 2476.
2, 619
What are the prime factors of 54685?
5, 10937
What are the prime factors of 1626?
2, 3, 271
List the prime factors of 3248.
2, 7, 29
What are the prime factors of 3959?
37, 107
What are the prime factors of 59?
59
What are the prime factors of 13623?
3, 19, 239
What are the prime factors of 2735?
5, 547
What are the prime factors of 440?
2, 5, 11
List the prime factors of 2707.
2707
List the prime factors of 16709.
7, 11, 31
What are the prime factors of 2867?
47, 61
List the prime factors of 1139.
17, 67
List the prime factors of 101045.
5, 7, 2887
List the prime factors of 5434.
2, 11, 13, 19
What are the prime factors of 13102?
2, 6551
List the prime factors of 1856.
2, 29
List the prime factors of 923.
13, 71
What are the prime factors of 24474?
2, 3, 4079
What are the prime factors of 3963?
3, 1321
List the prime factors of 8855.
5, 7, 11, 23
List the prime factors of 8083.
59, 137
List the prime factors of 3225.
3, 5, 43
What are the prime factors of 41294?
2, 11, 1877
List the prime factors of 3428.
2, 857
What are the prime factors of 1058?
2, 23
What are the prime factors of 2201?
31, 71
What are the prime factors of 5621?
7, 11, 73
List the prime factors of 2228.
2, 557
What are the prime factors of 4?
2
List the prime factors of 7535.
5, 11, 137
List the prime factors of 1053.
3, 13
What are the prime factors of 22796?
2, 41, 139
What are the prime factors of 254?
2, 127
What are the prime factors of 17497?
17497
List the prime factors of 98622.
2, 3, 5479
List the prime factors of 1244.
2, 311
What are the prime factors of 1057?
7, 151
List the prime factors of 19044.
2, 3, 23
What are the prime factors of 13316?
2, 3329
List the prime factors of 1071.
3, 7, 17
What are the prime factors of 1218?
2, 3, 7, 29
What are the prime factors of 11968?
2, 11, 17
What are the prime factors of 4807?
11, 19, 23
List the prime factors of 38288.
2, 2393
List the prime factors of 31581.
3, 11, 29
List the prime factors of 1229.
1229
What are the prime factors of 80140?
2, 5, 4007
List the prime factors of 5355.
3, 5, 7, 17
List the prime factors of 67194.
2, 3, 3733
What are the prime factors of 8473?
37, 229
What are the prime factors of 1336?
2, 167
List the prime factors of 207.
3, 23
List the prime factors of 1319.
1319
What are the prime factors of 1568?
2, 7
List the prime factors of 43463.
7, 887
List the prime factors of 4431.
3, 7, 211
List the prime factors of 970.
2, 5, 97
List the prime factors of 49146.
2, 3, 8191
What are the prime factors of 200?
2, 5
List the prime factors of 427.
7, 61
List the prime factors of 2147.
19, 113
What are the prime factors of 11205?
3, 5, 83
List the prime factors of 22260.
2, 3, 5, 7, 53
What are the prime factors of 3954?
2, 3, 659
List the prime factors of 22112.
2, 691
List the prime factors of 49766.
2, 149, 167
What are the prime factors of 2744?
2, 7
What are the prime factors of 31438?
2, 11, 1429
List the prime factors of 5897.
5897
What are the prime factors of 661?
661
What are the prime factors of 11833?
11833
List the prime factors of 8855.
5, 7, 11, 23
What are the prime factors of 12831?
3, 7, 13, 47
What are the prime factors of 20225?
5, 809
List the prime factors of 5650.
2, 5, 113
What are the prime factors of 20583?
3, 2287
List the prime factors of 46141.
46141
List the prime factors of 13336.
2, 1667
List the prime factors of 16043.
61, 263
What are the prime factors of 24396?
2, 3, 19, 107
What are the prime factors of 314?
2, 157
What are the prime factors of 3016?
2, 13, 29
List the prime factors of 1831.
1831
List the prime factors of 3920.
2, 5, 7
What are the prime factors of 21357?
3, 7, 113
List the prime factors of 12984.
2, 3, 541
What are the prime factors of 130591?
43, 3037
What are the prime factors of 15468?
2, 3, 1289
What are the prime factors of 78070?
2, 5, 37, 211
What are the prime factors of 1160?
2, 5, 29
What are the prime factors of 11485?
5, 2297
List the prime factors of 76967.
11, 6997
List the prime factors of 45885.
3, 5, 7, 19, 23
What are the prime factors of 8516?
2, 2129
List the prime factors of 33916.
2, 61, 139
What are the prime factors of 12992?
2, 7, 29
List the prime factors of 130.
2, 5, 13
What are the prime factors of 1734?
2, 3, 17
List the prime factors of 5412.
2, 3, 11, 41
List the prime factors of 50717.
41, 1237
What are the prime factors of 15?
3, 5
What are the prime factors of 2828?
2, 7, 101
What are the prime factors of 798?
2, 3, 7, 19
What are the prime factors of 2283?
3, 761
What are the prime factors of 76081?
76081
List the prime factors of 7373.
73, 101
What are the prime factors of 42992?
2, 2687
What are the prime factors of 1252?
2, 313
What are the prime factors of 3028?
2, 757
What are the prime factors of 290?
2, 5, 29
List the prime factors of 512.
2
What are the prime factors of 4809?
3, 7, 229
List the prime factors of 1369.
37
What are the prime factors of 548?
2, 137
What are the prime factors of 3961?
17, 233
List the prime factors of 2562.
2, 3, 7, 61
What are the prime factors of 9565?
5, 1913
List the prime factors of 3351.
3, 1117
List the prime factors of 88762.
2, 44381
List the prime factors of 178474.
2, 89237
What are the prime factors of 386?
2, 193
What are the prime factors of 50368?
2, 787
What are the prime factors of 1088?
2, 17
What are the prime factors of 7323?
3, 2441
What are the prime factors of 989?
23, 43
What are the prime factors of 289?
17
What are the prime factors of 3491?
3491
List the prime factors of 7788.
2, 3, 11, 59
List the prime factors of 67313.
83, 811
List the prime factors of 896.
2, 7
What are the prime factors of 1807?
13, 139
List the prime factors of 431.
431
What are the prime factors of 629?
17, 37
List the prime factors of 21758.
2, 11, 23, 43
What are the prime factors of 1292?
2, 17, 19
What are the prime factors of 1324?
2, 331
List the prime factors of 49026.
2, 3, 8171
List the prime factors of 3977.
41, 97
What are the prime factors of 45170?
2, 5, 4517
List the prime factors of 11835.
3, 5, 263
List the prime factors of 24706.
2, 11, 1123
What are the prime factors of 5659?
5659
List the prime factors of 1629.
3, 181
List the prime factors of 198.
2, 3, 11
What are the prime factors of 3001?
3001
List the prime factors of 49290.
2, 3, 5, 31, 53
List the prime factors of 459.
3, 17
List the prime factors of 34262.
2, 37, 463
What are the prime factors of 4850?
2, 5, 97
List the prime factors of 36171.
3, 4019
What are the prime factors of 23332?
2, 19, 307
What are the prime factors of 23822?
2, 43, 277
List the prime factors of 332.
2, 83
What are the prime factors of 106035?
3, 5, 7069
List the prime factors of 9781.
9781
What are the prime factors of 72041?
61, 1181
What are the prime factors of 45100?
2, 5, 11, 41
List the prime factors of 33331.
33331
List the prime factors of 97665.
3, 5, 17, 383
What are the prime factors of 1963?
13, 151
What are the prime factors of 228?
2, 3, 19
List the prime factors of 3753.
3, 139
List the prime factors of 6577.
6577
List the prime factors of 2252.
2, 563
What are the prime factors of 977?
977
What are the prime factors of 115545?
3, 5, 7703
What are the prime factors of 6581?
6581
What are the prime factors of 8398?
2, 13, 17, 19
What are the prime factors of 1719?
3, 191
What are the prime factors of 304?
2, 19
List the prime factors of 4802.
2, 7
List the prime factors of 1045.
5, 11, 19
List the prime factors of 15835.
5, 3167
What are the prime factors of 5159?
7, 11, 67
What are the prime factors of 29146?
2, 13, 19, 59
List the prime factors of 1588.
2, 397
What are the prime factors of 1191?
3, 397
List the prime factors of 72994.
2, 36497
What are the prime factors of 1588?
2, 397
List the prime factors of 5633.
43, 131
What are the prime factors of 1666?
2, 7, 17
What are the prime factors of 21460?
2, 5, 29, 37
What are the prime factors of 36126?
2, 3, 223
What are the prime factors of 6243?
3, 2081
What are the prime fac